= 5*l, s + j*l - 24 = -l. Calculate the greatest common factor of s and 48.
12
Let g = 12 - 8. Let r be ((-4)/2 - -4)*g. What is the greatest common factor of r and 48?
8
Let r(a) = -15*a - 10. Let j be r(-5). Let y = 2 - 5. Let i(o) = 2*o**2 - 2*o + 2. Let u be i(y). What is the highest common factor of j and u?
13
Let v = 4 - -11. What is the greatest common divisor of v and 45?
15
Suppose 15 + 93 = 3*g. Suppose 0 = x, 3*r - 156 = -0*r + 3*x. Let w = r - g. Calculate the highest common divisor of w and 16.
16
Suppose 94 = 2*p - 2*g, -5*p - 5*g = -242 - 33. Calculate the greatest common factor of 17 and p.
17
Let d(k) = k**2 + 5*k + 2. Suppose -4*f - 1 = 19. Let p be d(f). Suppose 5*z - p*m - 10 = -1, -z - 5*m = -18. What is the greatest common factor of z and 9?
3
Suppose -w + 16 - 4 = 0. Suppose 0*o - w = -3*o + 4*i, 2*i = -o + 4. What is the greatest common divisor of o and 44?
4
Suppose -z - 4*q = 2, -3*z + 3*q - 17 + 41 = 0. Let p be (1*10 - 2)*z. Suppose -p = -3*j - 15. Calculate the greatest common divisor of 44 and j.
11
Let q be 969 + (1 - 2)/(-1). Suppose -5*g - 85 = -q. Suppose -4*j + i = 2*i - 321, 5*i + g = 2*j. Calculate the highest common divisor of j and 9.
9
Suppose -4*r + 1 - 5 = -2*p, 5*r = 5. Let w be (p/(-10))/(2/(-50)). Calculate the greatest common factor of 70 and w.
10
Suppose -4*s - 4*c = -60, -2*s + 3*c = -c. Suppose i + 69 = 4*i. Let d be (i - 0) + 5 + -3. Calculate the highest common factor of s and d.
5
Let m be 84/8 - 1/2. Let b(f) = -49*f + 3. Let k be b(-3). Suppose 4*a - k = -a. What is the highest common factor of a and m?
10
Suppose 3*d = -2*z + 104, -z + 4*d - 102 = -3*z. Calculate the highest common factor of 11 and z.
11
Suppose -3*k + 78 = 3*z, 13 = -3*k - 5*z + 101. Calculate the highest common divisor of k and 168.
21
Let s = 8 + -3. Suppose 2*a = -b + 29, s*b = 4*a - 35 - 16. Calculate the greatest common factor of 98 and a.
14
Let u(g) = -g**3 + 5*g**2 + 10*g - 15. Let p be u(6). What is the highest common divisor of p and 54?
9
Suppose -37 = -2*z - 5*l, -2*l = 3*z + 2*z - 82. Suppose 0 = 3*o + 2*o. Suppose -t + 128 = -o*t. What is the highest common factor of z and t?
16
Suppose 3*t = 5*g + 298, -t + 3*t - 162 = -4*g. What is the highest common factor of 13 and t?
13
Let k(u) = -7*u - 1. Let q be k(-1). Suppose q = a - 32. Suppose 0 = w - v - 2*v - 8, 5*v = -2*w + a. Calculate the highest common factor of 28 and w.
14
Suppose 9 = 5*z - 51. What is the greatest common factor of 18 and z?
6
Let c(t) = -t**3 - 3*t**2 + 3. Let n be c(-4). Let h(v) = -v + 38. Let j be h(0). Calculate the greatest common divisor of j and n.
19
Let h be (-1 - 2) + (-100)/(-4). Suppose -12 = 3*c, 4*p - 148 = -c + 5*c. Calculate the highest common divisor of h and p.
11
Let l be (-1 + 3)*12*(3 - 2). What is the greatest common factor of 24 and l?
24
Suppose -39 = -q + 33. What is the greatest common factor of q and 8?
8
Let p(u) = u**3 + 6*u**2 - 2*u - 5. Let r be (-50)/(-15)*(-3)/2. Let y be p(r). What is the greatest common factor of 10 and y?
10
Suppose -i - 6 = 4*w, 0 = 3*i - w - 0 + 5. Let k = 0 + i. Let j be 2/4*(4 + k). Calculate the highest common divisor of 7 and j.
1
Suppose 4*b + 14 = -h + 33, 5*b + 2*h - 20 = 0. Suppose -b = -0*f - f. What is the highest common factor of 2 and f?
2
Suppose -5*t + 26 = -4. Let x = 14 - t. Calculate the greatest common divisor of x and 88.
8
Let q(k) = k. Let n be q(2). Calculate the highest common factor of 10 and n.
2
Let s = -42 + 71. Let d = s + 70. Suppose -h - 1 = -0*f - 2*f, 4*h + 2*f - 46 = 0. What is the highest common factor of d and h?
9
Suppose 4*x - 276 = -2*q, 657 = 3*q + 2*q - x. Suppose 5*d - 57 = 53. Calculate the greatest common divisor of d and q.
22
Let r be 1/4 + (-26)/8. Let s(u) = -2*u + 3. Let q be s(r). What is the highest common factor of 9 and q?
9
Let p = -1 + 6. What is the greatest common factor of p and 55?
5
Suppose -6 + 30 = -3*d. Let s be 3/12 - 38/d. Let z(r) = -r**3 + 5*r**2 + 2*r + 2. Let q be z(s). What is the highest common divisor of q and 24?
12
Suppose 2*w = 2*m + w - 122, -4*m + 268 = 4*w. Let u be -12*((-7)/4 - -1). Suppose m - u = 3*z. Calculate the greatest common factor of z and 6.
6
Suppose 14*h + 836 = 18*h. Calculate the greatest common factor of 19 and h.
19
Let i be 3/2*12/18. Suppose 5 = 2*o - i. Calculate the highest common divisor of 2 and o.
1
Suppose u - 5 = 0, 4*z + 12 - 105 = 3*u. Let q = z + 0. What is the greatest common factor of q and 9?
9
Suppose 3*v - 4*j = -v + 68, -3*v = -j - 61. Suppose -4*b + 3*b - 10 = 0. Let o be (1 - b)/((-4)/(-8)). What is the greatest common divisor of v and o?
22
Suppose 14 = y - 2. What is the greatest common divisor of y and 112?
16
Let g be ((-2)/4)/(2/(-160)). Calculate the highest common divisor of g and 10.
10
Let u(r) = 3*r**2 - 2*r - 5. Let j be u(3). Calculate the greatest common factor of j and 56.
8
Let w(l) = 3*l + 6. Let b be w(-4). Let d(a) = -a**3 - 5*a**2 - 2*a + 8. Let g be d(b). Calculate the highest common factor of 8 and g.
8
Suppose 0*m = -2*m + 16. What is the highest common divisor of 8 and m?
8
Let j be (-234)/(-24) - (-6)/(-8). Let w = j - -1. What is the highest common factor of 40 and w?
10
Let d be (-2)/20 + 4065/150. Calculate the highest common factor of 9 and d.
9
Suppose 2*q + 95 = -3*q. Let t be 8*-1*q/4. Calculate the greatest common divisor of 19 and t.
19
Let o be (-154)/(0/2 - 2). Suppose 0 = -5*k + o + 8. Let b be ((-42)/(-4) + -2)*10. What is the highest common factor of b and k?
17
Suppose 5*c = 6*c - 38. What is the highest common factor of 95 and c?
19
Let m be (2/(-4))/(2/76). Let h = m + 31. Suppose 4*c + 12 = 5*c. Calculate the greatest common factor of c and h.
12
Suppose 0 = 5*x - 1078 + 388. Calculate the highest common divisor of 6 and x.
6
Suppose -5*u + 97 = -5*g - 3, 0 = 3*u + 2*g - 40. Suppose 0 = -4*r + 2*r + 8. Calculate the greatest common factor of r and u.
4
Let f be (8 - 5)/((-2)/74). Let c = -27 - f. Calculate the greatest common divisor of 12 and c.
12
Suppose f - 6*f = -70. Calculate the highest common divisor of 112 and f.
14
Suppose -11*q + 352 = -0*q. What is the greatest common factor of q and 40?
8
Let f = 502 + -249. What is the greatest common divisor of f and 23?
23
Suppose 4*w + 0*w = 0. Suppose -4*t + 28 = -4*a, 2*t + a + 1 = -w*t. Let z(j) = -j**3 + j + 4. Let y be z(0). What is the greatest common divisor of y and t?
2
Let s = 229 - -37. What is the highest common factor of s and 38?
38
Let b = -13 - -19. Suppose 0 = -v - 5*l + b - 18, -4*v + 2*l + 40 = 0. Suppose 3*o - 100 = v. What is the greatest common divisor of 12 and o?
12
Suppose f - 22 + 9 = 0. Suppose 0*c = 5*c + 2*q + 1460, 0 = 5*c - 4*q + 1490. Let j = c + 437. What is the greatest common divisor of f and j?
13
Let l(i) = -47*i**3 + 2*i**2 - 1. Let y be l(-1). Calculate the greatest common factor of 16 and y.
16
Suppose 135 = 3*q - 195. What is the highest common divisor of q and 10?
10
Let t be 3/5 - 9693/(-45). Suppose 0 = 5*h - h - t. What is the greatest common divisor of h and 6?
6
Suppose -2*k + 2 + 8 = 0. Let o = 1 + k. Suppose 0 = -4*q + 231 - 39. What is the greatest common factor of q and o?
6
Suppose -21 - 43 = 2*r. Let j = r - -45. Calculate the greatest common divisor of j and 13.
13
Let h be (-11)/33 + (-14)/(-6). Suppose o - 3*c + 4*c = 4, -20 = -2*o + h*c. What is the greatest common factor of 7 and o?
7
Suppose 2*g - i = 2*i + 29, -2*g - 3*i + 59 = 0. Let a = 21 + g. Suppose a + 1 = 2*u. What is the greatest common factor of u and 110?
22
Let t be 0/(2 + 0/1). Suppose -5 + t = -k. Suppose 0 = -k*u + 2*f + 31, 2*u + 0*u - 16 = 2*f. What is the greatest common divisor of 1 and u?
1
Suppose 4*i - 6 = 2. Suppose 36 = i*l - 2*k + 4*k, 0 = -3*l - k + 46. Suppose -22 = -z + l. What is the highest common factor of 54 and z?
18
Let m = 152 - 100. What is the greatest common factor of m and 13?
13
Let m be (-2)/3 - 33661/(-123). What is the highest common factor of 21 and m?
21
Let r be 1/((-3)/(-78)) + -3. Calculate the greatest common divisor of 46 and r.
23
Let m = 2 - 0. Suppose 0 = -m*j + 4*j - 4. Suppose -j*a + 63 = a. Calculate the highest common factor of 7 and a.
7
Let l(i) = -i**2 + 4. Let g be l(4). Let j be (-1)/(-4) + (-81)/g. Supp